117 (base 14) to base 6.
-1001
-821 (base 10) to base 15
-39b
What is -47d6 (base 14) in base 9?
-18168
Convert -223 (base 7) to base 10.
-115
9b3 (base 12) to base 11
1091
15008 (base 10) to base 12
8828
Convert 92c (base 13) to base 8.
3027
What is a671 (base 11) in base 3?
201100202
-552 (base 14) to base 16
-41c
Convert -31870 (base 10) to base 11.
-21a43
Convert -43163 (base 9) to base 12.
-14649
-646 (base 10) to base 13
-3a9
-446 (base 9) to base 10
-366
What is 7657 (base 11) in base 5?
310410
What is -3885 (base 12) in base 13?
-2c12
-d6dd (base 15) to base 3
-2022022201
What is -1102111 (base 3) in base 11?
-865
Convert -863 (base 12) to base 8.
-2313
a35 (base 12) to base 8
2711
1048 (base 14) to base 10
2808
864 (base 16) to base 11
1683
Convert 3044 (base 7) to base 2.
10000100101
What is 1110000001001 (base 2) in base 3?
100211211
-10304 (base 7) to base 4
-213320
What is -215 (base 8) in base 4?
-2031
Convert 42 (base 16) to base 7.
123
What is -7b02 (base 14) in base 13?
-9957
What is -35511 (base 7) in base 15?
-2ab6
331 (base 9) to base 3
101001
What is -1002002 (base 4) in base 11?
-31a2
44414 (base 8) to base 9
27577
311231 (base 4) to base 8
6555
Convert 23102 (base 4) to base 5.
10342
What is 63125 (base 8) in base 9?
38837
What is -1110041 (base 5) in base 4?
-10233010
What is 1265 (base 12) in base 16?
82d
What is -143041 (base 5) in base 3?
-22021000
What is 258 (base 12) in base 14?
1b6
What is 65211 (base 8) in base 5?
1333043
What is -130012 (base 4) in base 15?
-7ed
Convert 1780 (base 12) to base 14.
1064
-43121 (base 5) to base 9
-3884
What is 13172 (base 13) in base 11?
24675
-a890 (base 16) to base 5
-2340102
What is -3c3a (base 16) in base 14?
-5894
842c (base 13) to base 14
6946
Convert 1abac (base 13) to base 11.
36517
What is 1d65 (base 14) in base 3?
21101022
-1120 (base 3) to base 14
-30
What is 32033 (base 4) in base 16?
38f
-444 (base 15) to base 11
-7a7
Convert 1648 (base 10) to base 4.
121300
What is 11043 (base 5) in base 3?
1001122
-1001110100010011 (base 2) to base 13
-153c2
Convert 202111 (base 4) to base 15.
9b7
What is -33a7 (base 11) in base 2?
-1000101111001
What is -884 (base 9) in base 10?
-724
59a (base 11) to base 6
3150
-22227 (base 10) to base 9
-33436
Convert -30c (base 14) to base 16.
-258
-289 (base 10) to base 5
-2124
Convert -b1a0 (base 14) to base 16.
-7738
What is 10 (base 8) in base 7?
11
What is -646 (base 15) in base 5?
-21131
350 (base 15) to base 2
1011101110
What is 576 (base 8) in base 11?
318
15643 (base 7) to base 3
20002111
What is -4bb (base 13) in base 9?
-1122
-18701 (base 11) to base 8
-63031
What is -10010 (base 4) in base 6?
-1112
-2343 (base 8) to base 6
-5443
330300 (base 4) to base 9
5300
61743 (base 8) to base 15
789b
Convert -1048 (base 9) to base 6.
-3325
7000 (base 14) to base 12
b148
What is 42313 (base 7) in base 16?
28cf
Convert 24451 (base 10) to base 8.
57603
100111111001100 (base 2) to base 15
60bd
-10021101220 (base 3) to base 16
-fbbe
What is -12303 (base 9) in base 10?
-8265
3479 (base 11) to base 12
2783
Convert -1330 (base 11) to base 2.
-11010111111
-2c7 (base 14) to base 10
-567
-2331 (base 4) to base 16
-bd
Convert -1301321 (base 5) to base 3.
-1021120202
What is 6060 (base 7) in base 11?
163a
Convert -39a (base 11) to base 8.
-730
Convert 1155 (base 7) to base 16.
1b0
-30123 (base 5) to base 14
-9a9
220213 (base 8) to base 6
1325551
-220022 (base 3) to base 12
-468
What is 4 (base 14) in base 11?
4
What is 2b5 (base 12) in base 2?
110101001
What is -1122114 (base 5) in base 13?
-9304
What is -100120 (base 3) in base 2?
-100000010
-100110010 (base 2) to base 7
-615
What is 854 (base 9) in base 15?
317
2919 (base 13) to base 14
2241
-465 (base 13) to base 6
-3303
-18372 (base 10) to base 12
-a770
4524 (base 9) to base 6
23251
425 (base 11) to base 4
13333
What is -1096 (base 10) in base 6?
-5024
-31230 (base 4) to base 6
-4020
-605 (base 13) to base 11
-847
What is -1214 (base 8) in base 13?
-3b2
Convert -15057 (base 8) to base 10.
-6703
What is a6 (base 16) in base 8?
246
Convert 1246 (base 7) to base 13.
2a7
Convert 22100112 (base 3) to base 10.
6089
What is 2313413 (base 5) in base 9?
63220
2101012002 (base 3) to base 6
1000345
-12313333 (base 4) to base 12
-14367
1010213 (base 4) to base 12
265b
10202200 (base 3) to base 7
11001
What is -1005 (base 7) in base 3?
-110220
3455 (base 6) to base 5
11302
What is 410 (base 10) in base 16?
19a
Convert 100010001101 (base 2) to base 14.
b25
64453 (base 7) to base 14
5b9a
What is 10001010000000 (base 2) in base 11?
66aa
Convert 122246 (base 7) to base 9.
33678
What is -2231 (base 9) in base 3?
-2021001
Convert 1221201 (base 3) to base 16.
58f
Convert -1027 (base 13) to base 2.
-100010110110
-1010111010111101 (base 2) to base 15
-d3c3
1011111110011 (base 2) to base 13
2a38
Convert 344230 (base 5) to base 7.
51161
Convert -1c53 (base 14) to base 3.
-21002110
Convert 1311244 (base 5) to base 2.
110010011100000
-23327 (base 12) to base 8
-134017
What is 10101010011000 (base 2) in base 14?
3d8c
Convert -111001110000101 (base 2) to base 11.
-20245
-1010002120 (base 3) to base 5
-1200224
What is -2c6b (base 13) in base 14?
-2531
Convert 2bb (base 15) to base 11.
51a
What is 102a1 (base 15) in base 6?
1033054
Convert -1826 (base 10) to base 2.
-11100100010
What is 27b (base 15) in base 7?
1436
4adc (base 16) to base 6
224420
What is -2ba0 (base 12) in base 4?
-1100220
-120010 (base 3) to base 12
-2a0
What is 4043 (base 5) in base 2?
1000001011
Convert 146 (base 13) to base 10.
227
-312bb (base 12) to base 11
-443a6
What is -741 (base 8) in base 14?
-265
10300 (base 6) to base 2
10101111100
-688 (base 14) to base 3
-1210000
What is -c49 (base 14) in base 8?
-4561
Convert -4a4 (base 12) to base 13.
-41b
Convert 3bc (base 13) to base 6.
3022
Convert 111210 (base 5) to base 15.
1270
What is -7572 (base 8) in base 5?
-111322
What is 1df (base 16) in base 5?
3404
Convert -10df (base 16) to base 3.
-12220222
21000 (base 4) to base 10
576
What is 1331202 (base 4) in base 12?
4796
-2001110 (base 3) to base 14
-78d
What is 10085 (base 10) in base 9?
14745
What is 40202 (base 5) in base 2?
100111111000
What is -10308 (base 9) in base 2?
-1101010011100
What is 11223110 (base 4) in base 8?
55324
-1121112012 (base 3) to base 2
-111101111110010
Convert 12667 (base 8) to base 6.
41423
What is 14bad (base 15) in base 12?
32777
What is -522035 (base 6) in base 9?
-63455
2220102 (base 3) to base 9
2812
4242 (base 6) to base 4
33002
Convert -8dc4 (base 15) to base 8.
-72635
What is 300001 (base 4) in base 8?
6001
-113 (base 10) to base 4
-1301
What is 125b3 (base 12) in base 5?
1300142
What is 671 (base 8) in base 11?
371
What is -13c6 (base 13) in base 11?
-2176
-13550 (base 6) to base 11
-1689
What is -1010011111111 (base 2) in base 16?
-14ff
Convert 198 (base 15) to base 5.
2433
What is -89cb (base 14) in base 7?
-126444
Convert -13041 (base 10) to base 12.
-7669
Convert 5323 (base 9) to base 4.
331011
Convert -3099 (base 10) to base 12.
-1963
Convert -62d (base 16) to base 14.
-80d
What is 134241 (base 6) in base 8?
30521
-1202430 (base 5) to base 11
-15789
-191 (base 14) to base 10
-323
What is 24131 (base 5) in base 14?
91d
2909 (base 11) to base 10
3760
Convert 94d4 (base 15) to base 11.
21713
Convert 3445 (base 6) to base 15.
39b
1419 (base 13) to base 9
3866
-41134 (base 5) to base 8
-5155
23268 (base 11) to base 13
1239c
Convert -1100011110 (base 2) to base 10.
-798
15005 (base 11) to base 8
51465
What is -110010111010 (base 2) in base 5?
-101013
Convert -bda (base 14) to base 11.
-1845
Convert -100010100000001 (base 2) to base 4.
-10110001
-11110011 (base 2) to base 4
-3303
What is a (base 14) in base 7?
13
What is 13420 (base 7) in base 15?
112a
Convert 1a72 (base 12) to base 13.
1634
1244 (base 13) to base 4
220133
What is -68de (base 15) in base 3?
-1010112102
2bc (base 13) to base 11
409
-196 (base 14) to base 4
-11020
171 (base 16) to base 6
1413
Convert 1001111011001 (base 2) to base 12.
2b35
Convert -66 (base 14) to base 11.
-82
1322011 (base 5) to base 8
63612
440 (base 11) to base 14
29a
What is 174133 (base 8) in base 5?
4013304
Convert -1147 (base 15) to base 16.
-e53
What is 3756 (base 15) in base 9?
1